e hundreds digit of 19467?
4
What is the thousands digit of 9891?
9
What is the thousands digit of 133211?
3
What is the thousands digit of 12623?
2
What is the units digit of 959?
9
What is the tens digit of 56?
5
What is the hundreds digit of 74699?
6
What is the units digit of 1985?
5
What is the units digit of 777?
7
What is the hundreds digit of 2631?
6
What is the units digit of 30737?
7
What is the hundreds digit of 979?
9
What is the units digit of 98147?
7
What is the tens digit of 783?
8
What is the units digit of 138?
8
What is the ten thousands digit of 53150?
5
What is the thousands digit of 2917?
2
What is the thousands digit of 17802?
7
What is the tens digit of 5043?
4
What is the ten thousands digit of 91112?
9
What is the thousands digit of 4490?
4
What is the units digit of 939?
9
What is the tens digit of 15725?
2
What is the units digit of 26810?
0
What is the hundreds digit of 9380?
3
What is the tens digit of 26180?
8
What is the units digit of 1632?
2
What is the thousands digit of 10085?
0
What is the thousands digit of 1760?
1
What is the tens digit of 7368?
6
What is the ten thousands digit of 14053?
1
What is the hundreds digit of 3543?
5
What is the tens digit of 27114?
1
What is the units digit of 1086?
6
What is the units digit of 11568?
8
What is the units digit of 8586?
6
What is the thousands digit of 2249?
2
What is the hundreds digit of 100195?
1
What is the tens digit of 649?
4
What is the units digit of 10794?
4
What is the tens digit of 98749?
4
What is the units digit of 32489?
9
What is the hundreds digit of 1297?
2
What is the hundreds digit of 939?
9
What is the units digit of 9247?
7
What is the tens digit of 6049?
4
What is the tens digit of 46641?
4
What is the tens digit of 182?
8
What is the units digit of 7984?
4
What is the hundreds digit of 43878?
8
What is the thousands digit of 10302?
0
What is the thousands digit of 3571?
3
What is the units digit of 505?
5
What is the hundreds digit of 14853?
8
What is the hundreds digit of 4595?
5
What is the hundreds digit of 1313?
3
What is the tens digit of 16?
1
What is the hundreds digit of 175953?
9
What is the tens digit of 7347?
4
What is the units digit of 5069?
9
What is the tens digit of 16335?
3
What is the units digit of 949?
9
What is the hundreds digit of 7567?
5
What is the tens digit of 20951?
5
What is the hundreds digit of 1052?
0
What is the hundreds digit of 929?
9
What is the hundreds digit of 19481?
4
What is the tens digit of 41082?
8
What is the thousands digit of 1530?
1
What is the ten thousands digit of 107993?
0
What is the hundreds digit of 13923?
9
What is the tens digit of 639?
3
What is the units digit of 12447?
7
What is the units digit of 68226?
6
What is the tens digit of 7041?
4
What is the thousands digit of 82805?
2
What is the ten thousands digit of 23020?
2
What is the units digit of 20663?
3
What is the tens digit of 802?
0
What is the tens digit of 4794?
9
What is the thousands digit of 12226?
2
What is the hundreds digit of 106?
1
What is the hundreds digit of 580?
5
What is the ten thousands digit of 13589?
1
What is the tens digit of 731?
3
What is the units digit of 989?
9
What is the thousands digit of 14268?
4
What is the units digit of 1591?
1
What is the thousands digit of 2913?
2
What is the hundreds digit of 1697?
6
What is the hundreds digit of 24077?
0
What is the hundreds digit of 2682?
6
What is the hundreds digit of 1137?
1
What is the hundreds digit of 30574?
5
What is the tens digit of 68?
6
What is the tens digit of 1581?
8
What is the units digit of 117?
7
What is the units digit of 2401?
1
What is the tens digit of 1879?
7
What is the hundreds digit of 37657?
6
What is the hundreds digit of 833?
8
What is the thousands digit of 7160?
7
What is the units digit of 40767?
7
What is the ten thousands digit of 11717?
1
What is the units digit of 997?
7
What is the units digit of 11682?
2
What is the tens digit of 688?
8
What is the tens digit of 770?
7
What is the thousands digit of 16023?
6
What is the units digit of 11118?
8
What is the hundreds digit of 341?
3
What is the hundreds digit of 573?
5
What is the tens digit of 595?
9
What is the ten thousands digit of 13424?
1
What is the thousands digit of 4521?
4
What is the thousands digit of 1417?
1
What is the tens digit of 1198?
9
What is the hundreds digit of 493?
4
What is the thousands digit of 1675?
1
What is the tens digit of 39153?
5
What is the hundreds digit of 11480?
4
What is the thousands digit of 1436?
1
What is the units digit of 13804?
4
What is the thousands digit of 1015?
1
What is the thousands digit of 4226?
4
What is the units digit of 371?
1
What is the units digit of 105905?
5
What is the ten thousands digit of 153559?
5
What is the thousands digit of 3369?
3
What is the tens digit of 5277?
7
What is the hundreds digit of 10785?
7
What is the units digit of 6179?
9
What is the thousands digit of 7387?
7
What is the tens digit of 18520?
2
What is the hundreds digit of 66966?
9
What is the hundreds digit of 138?
1
What is the ten thousands digit of 82345?
8
What is the hundreds digit of 867?
8
What is the thousands digit of 9545?
9
What is the hundreds digit of 26216?
2
What is the units digit of 9392?
2
What is the hundreds digit of 1252?
2
What is the ten thousands digit of 15408?
1
What is the thousands digit of 1760?
1
What is the thousands digit of 2961?
2
What is the hundreds digit of 5369?
3
What is the units digit of 405?
5
What is the hundreds digit of 49297?
2
What is the units digit of 1591?
1
What is the tens digit of 9702?
0
What is the hundreds digit of 3507?
5
What is the thousands digit of 114900?
4
What is the ten thousands digit of 15207?
1
What is the units digit of 46224?
4
What is the thousands digit of 16731?
6
What is the thousands digit of 11006?
1
What is the hundreds digit of 1717?
7
What is the thousands digit of 13350?
3
What is the hundreds digit of 206784?
7
What is the tens digit of 14660?
6
What is the thousands digit of 1337?
1
What is the units digit of 1714?
4
What is the thousands digit of 18460?
8
What is the tens digit of 339?
3
What is the units digit of 30732?
2
What is the tens digit of 32804?
0
What is the hundreds digit of 2610?
6
What is the hundreds digit of 536?
5
What is the ten thousands digit of 13450?
1
What is the hundreds digit of 831?
8
What is the tens digit of 2123?
2
What is the hundreds digit of 8128?
1
What is the tens digit of 959?
5
What is the thousands digit of 43302?
3
What is the hundreds digit of 1513?
5
What is the hundreds digit of 2948?
9
What is the units digit of 47979?
9
What is the thousands digit of 14417?
4
What is the ten thousands digit of 29880?
2
What is the units digit of 462?
2
What is the thousands digit of 35157?
5
What is the thousands digit of 17611?
7
What is the ten thousands digit of 13319?
1
What is the tens digit of 20787?
8
What is the ten thousands digit of 42225?
4
What is the hundreds digit of 1103?
1
What is the tens digit of 1374?
7
What is the tens digit of 73?
7
What is the thousands digit of 6447?
6
What is the tens digit of 24028?
2
What is the hundreds digit of 15105?
1
What is the tens digit of 909?
0
What is the hundreds digit of 707?
7
What is the thousands digit of 4172?
4
What is the ten thousands digit of 42282?
4
What is the thousands digit of 41757?
1
What is the units digit of 38907?
7
What is the thousands digit of 20906?
0
What is the thousands digit of 13077?
3
What is the tens digit of 952?
5
What is the hundreds digit of 711?
7
What is the tens digit of 33333?
3
What is the units digit of 275?
5
What is the units digit of 1273?
3
What is the thousands digit of 61815?
1
What is the hundreds digit of 7088?
0
What is the tens digit of 50220?
2
What is the thousands digit of 12292?
2
What is the hundreds digit of 44813?
8
What is the hundreds digit of 3508?
5
What is the hundreds digit of 2801?
8
What is the tens digit of 3587?
8
What is the thousands digit of 3644?
3
What is the hundreds digit of 46979?
9
What is the thousands digit of 2342?
2
What is the tens digit of 5475?
7
What is the tens digit of 138363?
6
What is the tens digit of 442?
4
What is the hundreds digit of 16135?
1
What is the thousands digit o